.
-1727
Let k(h) = 18185*h - 436449. Calculate k(24).
-9
Let h(f) = 663*f + 80234. Calculate h(-121).
11
Let j(t) = 23*t**2 - 5089*t + 231480. Give j(64).
-8
Let c(i) = i**2 + 714*i + 11164. Calculate c(-16).
-4
Let w(g) = -13610*g - 489809. Determine w(-36).
151
Let y(u) = -3*u**2 + 957*u - 2610. What is y(316)?
234
Let p(i) = -45*i**2 + 1683*i + 151. Determine p(37).
817
Let w(j) = -1270*j + 33006. Determine w(26).
-14
Let q(w) = -3*w**3 - 13*w**2 + 49*w + 263. What is q(-4)?
51
Let r(l) = -17*l + 1097. What is r(73)?
-144
Let r(g) = -46*g**2 + 495*g - 338. Give r(10).
12
Let r(y) = -32718*y - 33568664. Give r(-1026).
4
Let m(o) = -6*o**3 - 1569*o**2 + 611*o - 45856. What is m(-262)?
-6
Let c(o) = 1189*o**2 + 11844*o - 456. Give c(-10).
4
Let w(k) = 2*k**3 + 117*k**2 - 274*k + 1781. Determine w(-61).
-110
Let m(t) = -601172*t - 25850395. Calculate m(-43).
1
Let q(p) = -p**2 - 179*p - 3382. Give q(-19).
-342
Let k(l) = 256818*l - 5649997. Calculate k(22).
-1
Let w(f) = -20*f**2 + 8780*f + 35164. Calculate w(-4).
-276
Let u(s) = -174*s**2 - 25236*s - 901. Give u(-145).
-31
Let n(j) = -3*j**2 + 331*j. What is n(0)?
0
Let y(o) = -2*o**3 - 154*o**2 - 1543*o + 128. Calculate y(-65).
-977
Let n(a) = 25*a**3 - 124*a**2 + 489*a - 14. Determine n(6).
3856
Let n(s) = -17*s**2 + 496*s + 8225. Determine n(41).
-16
Let u(w) = 49324*w + 1677030. What is u(-34)?
14
Let k(m) = m**3 - 51*m**2 - 160*m - 56. Give k(54).
52
Let q(t) = -t**3 - 559*t**2 + 10980*t - 407. Calculate q(-578).
749
Let s(z) = 13*z**3 + 133*z**2 - 49*z - 250. What is s(-9)?
1487
Let y(t) = t**2 - 110571*t + 2321542. Give y(21).
-8
Let d(a) = -116*a - 25316. What is d(-218)?
-28
Let n(g) = g**3 + 381*g**2 + 19*g + 7232. What is n(-381)?
-7
Let t(n) = -3*n**2 + 54543*n - 54541. Calculate t(1).
-1
Let s(i) = 13*i**3 + 162*i**2 - 110*i - 171. Give s(-13).
76
Let r(x) = x**2 - 18*x - 1035. What is r(-24)?
-27
Let r(u) = -10*u - 1260. Give r(-9).
-1170
Let w(a) = -5*a**2 - 24*a + 70. Determine w(7).
-343
Let b(a) = -19*a**2 - 1295*a - 2707. Calculate b(-66).
-1
Let y(l) = 9*l**2 - 604*l + 3305. Determine y(61).
-50
Let a(o) = -4*o**3 - 35*o**2 - 469*o - 3338. Calculate a(-7).
-398
Let y(f) = -2*f**2 - 20494*f - 20495. What is y(-1)?
-3
Let z(d) = -12984*d + 116865. Determine z(9).
9
Let q(l) = 3*l**2 - 265*l + 5105. What is q(59)?
-87
Let r(c) = 8961*c + 53725. What is r(-6)?
-41
Let b(r) = -4*r**3 + 18*r**2 + 69543*r - 278193. Determine b(4).
11
Let d(l) = -1122*l - 139121. What is d(-124)?
7
Let r(y) = y**3 + 307*y**2 - 2525*y - 1195. What is r(-315)?
380
Let o(j) = 5*j**3 - 152*j**2 + 889*j + 762. What is o(22)?
-8
Let f(y) = -162*y**2 + 7419*y - 40. Calculate f(46).
-1558
Let k(d) = 771*d + 127973. Give k(-166).
-13
Let b(u) = -775*u + 28444. What is b(37)?
-231
Let u(q) = -11*q**3 + q**2 + 15*q + 43. What is u(-5)?
1368
Let s(m) = 2232*m**2 + 24293*m - 2863. Give s(-11).
-14
Let y(q) = -86*q**3 + 104*q**2 - 104*q. Determine y(1).
-86
Let u(n) = 22285*n - 66758. Give u(3).
97
Let y(z) = 5*z**2 + 306*z - 7023. Calculate y(-79).
8
Let v(x) = -2*x**2 + 213*x + 15028. Determine v(155).
-7
Let f(m) = -2*m**2 + 27308*m + 410070. What is f(-15)?
0
Let l(z) = -2*z**3 - 25*z**2 - 227*z - 764. What is l(-5)?
-4
Let y(p) = -49714*p - 447383. Calculate y(-9).
43
Let b(d) = -7*d**2 + 3140*d + 280882. Give b(525).
7
Let a(t) = 32628*t - 195937. Give a(6).
-169
Let r(i) = -461*i - 26705. Calculate r(-58).
33
Let y(p) = p**3 - 21*p**2 - 8*p + 147. Calculate y(12).
-1245
Let l(q) = -q**3 + 267*q**2 + 2480*q - 592826. Determine l(268).
-10
Let m(f) = 7751*f - 224876. Give m(29).
-97
Let z(b) = -2*b**2 - 672*b + 47257. Determine z(60).
-263
Let z(x) = -x**3 - 23*x**2 + 135*x + 3637. Calculate z(-20).
-263
Let b(v) = 10196*v + 20417. Determine b(-2).
25
Let p(k) = 11*k**3 + 175*k**2 - 10*k - 262. Calculate p(-16).
-358
Let c(n) = 1502*n**2 - 120159*n - 69. Calculate c(80).
11
Let h(l) = 776*l - 74612. Determine h(96).
-116
Let a(m) = -1470*m - 9508. Give a(-7).
782
Let l(w) = 14*w**2 - 255*w - 1949. What is l(24)?
-5
Let t(d) = -111*d - 25006. Determine t(-221).
-475
Let q(t) = -4867*t + 53548. Give q(11).
11
Let x(n) = -133*n - 49111. What is x(-367)?
-300
Let i(p) = -2*p**3 + 339*p**2 + 514*p - 764. What is i(171)?
-593
Let u(c) = 18*c - 1062. Determine u(2).
-1026
Let q(w) = w**3 + 18*w**2 + 47*w - 331. Give q(-11).
-1
Let b(w) = 6*w**2 - 252*w + 937. Determine b(39).
235
Let t(x) = -x**3 + 38417*x**2 + 614929*x + 22. Calculate t(-16).
6
Let z(d) = 46*d**2 + d - 3. Determine z(-2).
179
Let i(q) = 5*q**2 - 5761*q - 17277. Determine i(-3).
51
Let s(a) = -5862*a + 23489. What is s(4)?
41
Let v(r) = 99*r**2 - 2493*r - 48. Give v(25).
-498
Let t(y) = 1416*y - 65017. What is t(46)?
119
Let f(a) = 2*a**3 + 33*a**2 + 56*a + 627. Calculate f(-16).
-13
Let f(l) = -l**3 + l**2 + 12*l + 1003. Calculate f(0).
1003
Let m(c) = 300*c - 7829. Calculate m(26).
-29
Let y(i) = -35*i**2 - 1719*i - 167. Calculate y(-49).
29
Let j(n) = 81*n**3 + 4*n**2 - 7*n - 5. Calculate j(2).
645
Let r(t) = -t**3 + 86*t**2 - 549*t + 5584. Give r(80).
64
Let s(h) = -4680*h + 570227. Determine s(122).
-733
Let s(a) = -a**3 - 19*a**2 - 21*a + 52. Give s(-17).
-169
Let c(y) = -111224*y + 9. Determine c(0).
9
Let t(g) = -71546*g - 1502483. What is t(-21)?
-17
Let m(g) = 9*g**2 - 15263*g + 211914. Determine m(14).
-4
Let t(r) = 2557*r + 616405. Give t(-241).
168
Let s(o) = -57*o**3 + 974*o**2 + 332*o - 7091. Give s(17).
-2
Let o(i) = 7654*i + 305343. Calculate o(-40).
-817
Let q(c) = -71724*c - 215128. Determine q(-3).
44
Let j(y) = y**3 - 29*y**2 + 3239*y - 71310. What is j(23)?
13
Let m(h) = -257*h + 12411. What is m(47)?
332
Let m(n) = -n**3 + 2*n**2 + 104*n - 481. Give m(7).
2
Let o(j) = -j**3 + 16*j**2 + 63*j + 4. What is o(19)?
118
Let a(r) = 20*r**3 - 6*r**2 - 16*r - 12. Determine a(-2).
-164
Let m(j) = j**2 - 185065*j + 17017518. Calculate m(92).
2
Let o(d) = -17*d**2 - 5548*d + 31868. Calculate o(-332).
-4
Let i(a) = -16524*a + 1652446. Give i(100).
46
Let p(c) = 428761*c + 15864160. Give p(-37).
3
Let q(x) = -3239*x + 9960. Calculate q(3).
243
Let h(o) = o**3 + 117*o**2 + 657*o - 12188. Give h(-110).
242
Let a(f) = -3176*f + 28043. Calculate a(9).
-541
Let d(x) = -2*x**3 + 2*x**2 - 3*x - 98. Give d(0).
-98
Let o(n) = 30*n**3 - 13*n**2 - 40*n + 227. Calculate o(3).
800
Let i(x) = x**3 + 138*x**2 - 1480*x - 6. Calculate i(-148).
-6
Let s(t) = t**3 - 12*t**2 + 1696*t - 15028. Calculate s(9).
-7
Let y(v) = v**3 - 18*v**2 - 12*v - 127. Determine y(16).
-831
Let t(g) = -10*g**2 + 4496*g - 13391. What is t(3)?
7
Let u(h) = -4*h**3 + 703*h**2 - 515*h - 1752. What is u(175)?
-2
Let l(r) = r**3 - 65*r**2 - 16496*r + 340. Give l(-100).
-60
Let h(s) = 3*s**2 + 365*s + 3037. What is h(-9)?
-5
Let p(z) = 6*z**3 - 18*z**2 - 181*z - 13. What is p(-6)?
-871
Let n(y) = 34318*y - 823593. Calculate n(24).
39
Let j(f) = 5*f**2 + 61*f - 941. Calculate j(9).
13
Let a(n) = -53*n**2 + 4243*n - 315. Determine a(80).
-75
Let h(r) = -r**2 - 26958*r - 2659034. What is h(-99)?
7
Let k(g) = -147897*g - 147910. What is k(-1)?
-13
Let c(d) = 23*d**2 - 155*d - 1996. What is c(11)?
-918
Let j(b) = -b**2 + 624*b + 2472. Calculate j(-4).
-40
Let x(r) = r**3 - 24*r**2 - 130*r - 1288. Determine x(30).
212
Let c(n) = -1875*n - 7798. Give c(-4).
-298
Let f(s) = 4052*s + 49704. What is f(-12)?
1080
Let y(n) = -2*n**2 - 116*n + 26575. What is y(-148)?
-65
Let x(y) = -y**2 - 8630*y - 6661466. Calculate x(-857).
-5
Let a(w) = -2*w**2 - 2516*w + 43372. Determine a(17).
22
Let b(q) = 1820*q + 23994. What is b(-13)?
334
Let h(k) = -86522*k + 8046568. Give h(93).
22
Let x(g) = 477*g**2 + 455*g - 20. What is x(-1)?
2
Let r(d) = d**2 + 9044*d + 117375. Determine r(-13).
-28
Let q(s) = -2030*s + 675992. What is q(333)?
2
Let w(r) = 3431*r + 36249. Determine w(-10).
1939
Let j(k) = -3*k**2 - 212*k + 2592. Calculate j(18).
-2196
Let s(n) = n**2 + 1083*n + 25536. Calculate s(-24).
120
Let q(x) = x**2 - 858*x + 106971. Determine q(152).
-341
Let z(j) = 7*j**2 + 108*j + 252. Give z(-14).
112
Let c(s) = -3*s**2 - 192*s - 351. What is c(-62)?
21
Let a(w) = 165*w + 13151. Give a(-81).
-214
Let t(q) = q**3 - 26*q**2 - 629*q + 561. Give t(41).
-13
Let l(v) = -23408*v + 4822058. Give l(206).
10
